{"id":67,"date":"2021-09-13T22:16:01","date_gmt":"2021-09-13T20:16:01","guid":{"rendered":"http:\/\/localhost\/BeYourLight\/page-daccueil\/"},"modified":"2022-11-15T11:40:08","modified_gmt":"2022-11-15T10:40:08","slug":"page-daccueil","status":"publish","type":"page","link":"https:\/\/beyourlight.fr\/","title":{"rendered":""},"content":{"rendered":"<p><\/p><div class=\"wp-block-group alignwide\"><div class=\"wp-block-group__inner-container is-layout-flow wp-block-group-is-layout-flow\"><div data-block-name=\"woocommerce\/product-top-rated\" data-categories=\"[]\" data-rows=\"1\" class=\"wc-block-grid wp-block-product-top-rated wc-block-product-top-rated has-3-columns\"><ul class=\"wc-block-grid__products\"><li class=\"wc-block-grid__product\">\n\t\t\t\t<a href=\"https:\/\/beyourlight.fr\/index.php\/produit\/bougie-mois-de-mai\/\" class=\"wc-block-grid__product-link\">\n\t\t\t\t\t\n\t\t\t\t\t<div class=\"wc-block-grid__product-image\"><img fetchpriority=\"high\" decoding=\"async\" width=\"300\" height=\"300\" src=\"https:\/\/beyourlight.fr\/wp-content\/uploads\/2024\/05\/mois_de_mai_1-300x300.png\" class=\"attachment-woocommerce_thumbnail size-woocommerce_thumbnail\" alt=\"Bougie du mois de Mai\" srcset=\"https:\/\/beyourlight.fr\/wp-content\/uploads\/2024\/05\/mois_de_mai_1-300x300.png 300w, https:\/\/beyourlight.fr\/wp-content\/uploads\/2024\/05\/mois_de_mai_1-1024x1024.png 1024w, https:\/\/beyourlight.fr\/wp-content\/uploads\/2024\/05\/mois_de_mai_1-150x150.png 150w, https:\/\/beyourlight.fr\/wp-content\/uploads\/2024\/05\/mois_de_mai_1-768x768.png 768w, https:\/\/beyourlight.fr\/wp-content\/uploads\/2024\/05\/mois_de_mai_1-75x75.png 75w, https:\/\/beyourlight.fr\/wp-content\/uploads\/2024\/05\/mois_de_mai_1-24x24.png 24w, https:\/\/beyourlight.fr\/wp-content\/uploads\/2024\/05\/mois_de_mai_1-36x36.png 36w, https:\/\/beyourlight.fr\/wp-content\/uploads\/2024\/05\/mois_de_mai_1-48x48.png 48w, https:\/\/beyourlight.fr\/wp-content\/uploads\/2024\/05\/mois_de_mai_1-100x100.png 100w, https:\/\/beyourlight.fr\/wp-content\/uploads\/2024\/05\/mois_de_mai_1.png 1080w\" sizes=\"(max-width: 300px) 100vw, 300px\" \/><\/div>\n\t\t\t\t\t<div class=\"wc-block-grid__product-title\">Bougie du mois de Mai<\/div>\n\t\t\t\t<\/a>\n\t\t\t\t<div class=\"wc-block-grid__product-price price\"><span class=\"woocommerce-Price-amount amount\">25,50&nbsp;<span class=\"woocommerce-Price-currencySymbol\">&euro;<\/span><\/span><\/div>\n\t\t\t\t\n\t\t\t\t<div class=\"wp-block-button wc-block-grid__product-add-to-cart\"><a href=\"https:\/\/beyourlight.fr\/index.php\/produit\/bougie-mois-de-mai\/\" aria-label=\"En savoir plus sur &ldquo;Bougie du mois de Mai&rdquo;\" data-quantity=\"1\" data-product_id=\"1281\" data-product_sku=\"\" data-price=\"25.5\" rel=\"nofollow\" class=\"wp-block-button__link  add_to_cart_button\">Lire la suite<\/a><\/div>\n\t\t\t<\/li><li class=\"wc-block-grid__product\">\n\t\t\t\t<a href=\"https:\/\/beyourlight.fr\/index.php\/produit\/enemies-to-lovers\/\" class=\"wc-block-grid__product-link\">\n\t\t\t\t\t\n\t\t\t\t\t<div class=\"wc-block-grid__product-image\"><img decoding=\"async\" width=\"300\" height=\"300\" src=\"https:\/\/beyourlight.fr\/wp-content\/uploads\/2024\/03\/NEW-enemies-to-lovers-1-300x300.png\" class=\"attachment-woocommerce_thumbnail size-woocommerce_thumbnail\" alt=\"Enemies to lovers\" srcset=\"https:\/\/beyourlight.fr\/wp-content\/uploads\/2024\/03\/NEW-enemies-to-lovers-1-300x300.png 300w, https:\/\/beyourlight.fr\/wp-content\/uploads\/2024\/03\/NEW-enemies-to-lovers-1-1024x1024.png 1024w, https:\/\/beyourlight.fr\/wp-content\/uploads\/2024\/03\/NEW-enemies-to-lovers-1-150x150.png 150w, https:\/\/beyourlight.fr\/wp-content\/uploads\/2024\/03\/NEW-enemies-to-lovers-1-768x768.png 768w, https:\/\/beyourlight.fr\/wp-content\/uploads\/2024\/03\/NEW-enemies-to-lovers-1-75x75.png 75w, https:\/\/beyourlight.fr\/wp-content\/uploads\/2024\/03\/NEW-enemies-to-lovers-1-24x24.png 24w, https:\/\/beyourlight.fr\/wp-content\/uploads\/2024\/03\/NEW-enemies-to-lovers-1-36x36.png 36w, https:\/\/beyourlight.fr\/wp-content\/uploads\/2024\/03\/NEW-enemies-to-lovers-1-48x48.png 48w, https:\/\/beyourlight.fr\/wp-content\/uploads\/2024\/03\/NEW-enemies-to-lovers-1-100x100.png 100w, https:\/\/beyourlight.fr\/wp-content\/uploads\/2024\/03\/NEW-enemies-to-lovers-1.png 1080w\" sizes=\"(max-width: 300px) 100vw, 300px\" \/><\/div>\n\t\t\t\t\t<div class=\"wc-block-grid__product-title\">Enemies to lovers<\/div>\n\t\t\t\t<\/a>\n\t\t\t\t<div class=\"wc-block-grid__product-price price\"><span class=\"woocommerce-Price-amount amount\">25,50&nbsp;<span class=\"woocommerce-Price-currencySymbol\">&euro;<\/span><\/span><\/div>\n\t\t\t\t\n\t\t\t\t<div class=\"wp-block-button wc-block-grid__product-add-to-cart\"><a href=\"https:\/\/beyourlight.fr\/index.php\/produit\/enemies-to-lovers\/\" aria-label=\"En savoir plus sur &ldquo;Enemies to lovers&rdquo;\" data-quantity=\"1\" data-product_id=\"1224\" data-product_sku=\"\" data-price=\"25.5\" rel=\"nofollow\" class=\"wp-block-button__link  add_to_cart_button\">Lire la suite<\/a><\/div>\n\t\t\t<\/li><li class=\"wc-block-grid__product\">\n\t\t\t\t<a href=\"https:\/\/beyourlight.fr\/index.php\/produit\/dame-blanche\/\" class=\"wc-block-grid__product-link\">\n\t\t\t\t\t\n\t\t\t\t\t<div class=\"wc-block-grid__product-image\"><img decoding=\"async\" width=\"300\" height=\"300\" src=\"https:\/\/beyourlight.fr\/wp-content\/uploads\/2022\/11\/Dame-blanche-300x300.png\" class=\"attachment-woocommerce_thumbnail size-woocommerce_thumbnail\" alt=\"Dame Blanche\" srcset=\"https:\/\/beyourlight.fr\/wp-content\/uploads\/2022\/11\/Dame-blanche-300x300.png 300w, https:\/\/beyourlight.fr\/wp-content\/uploads\/2022\/11\/Dame-blanche-150x150.png 150w, https:\/\/beyourlight.fr\/wp-content\/uploads\/2022\/11\/Dame-blanche-75x75.png 75w, https:\/\/beyourlight.fr\/wp-content\/uploads\/2022\/11\/Dame-blanche-24x24.png 24w, https:\/\/beyourlight.fr\/wp-content\/uploads\/2022\/11\/Dame-blanche-36x36.png 36w, https:\/\/beyourlight.fr\/wp-content\/uploads\/2022\/11\/Dame-blanche-48x48.png 48w, https:\/\/beyourlight.fr\/wp-content\/uploads\/2022\/11\/Dame-blanche-100x100.png 100w, https:\/\/beyourlight.fr\/wp-content\/uploads\/2022\/11\/Dame-blanche.png 500w\" sizes=\"(max-width: 300px) 100vw, 300px\" \/><\/div>\n\t\t\t\t\t<div class=\"wc-block-grid__product-title\">Dame Blanche<\/div>\n\t\t\t\t<\/a>\n\t\t\t\t<div class=\"wc-block-grid__product-price price\"><span class=\"woocommerce-Price-amount amount\">25,50&nbsp;<span class=\"woocommerce-Price-currencySymbol\">&euro;<\/span><\/span><\/div>\n\t\t\t\t\n\t\t\t\t<div class=\"wp-block-button wc-block-grid__product-add-to-cart\"><a href=\"https:\/\/beyourlight.fr\/index.php\/produit\/dame-blanche\/\" aria-label=\"En savoir plus sur &ldquo;Dame Blanche&rdquo;\" data-quantity=\"1\" data-product_id=\"967\" data-product_sku=\"\" data-price=\"25.5\" rel=\"nofollow\" class=\"wp-block-button__link  add_to_cart_button\">Lire la suite<\/a><\/div>\n\t\t\t<\/li><\/ul><\/div><\/div><\/div><figure class=\"wp-block-image size-large\"><img loading=\"lazy\" decoding=\"async\" width=\"1024\" height=\"145\" src=\"https:\/\/beyourlight.fr\/wp-content\/uploads\/2021\/11\/Ban_MesValeurs-1024x145.png\" alt=\"\" class=\"wp-image-313\" srcset=\"https:\/\/beyourlight.fr\/wp-content\/uploads\/2021\/11\/Ban_MesValeurs-1024x145.png 1024w, https:\/\/beyourlight.fr\/wp-content\/uploads\/2021\/11\/Ban_MesValeurs-300x42.png 300w, https:\/\/beyourlight.fr\/wp-content\/uploads\/2021\/11\/Ban_MesValeurs-768x109.png 768w, https:\/\/beyourlight.fr\/wp-content\/uploads\/2021\/11\/Ban_MesValeurs-1140x161.png 1140w, https:\/\/beyourlight.fr\/wp-content\/uploads\/2021\/11\/Ban_MesValeurs.png 1378w\" sizes=\"(max-width: 1024px) 100vw, 1024px\" \/><\/figure><figure class=\"wp-block-image size-large is-style-default\"><img loading=\"lazy\" decoding=\"async\" width=\"1024\" height=\"388\" src=\"https:\/\/beyourlight.fr\/wp-content\/uploads\/2021\/11\/Sans-titre-5-1-1024x388.png\" alt=\"\" class=\"wp-image-548\" srcset=\"https:\/\/beyourlight.fr\/wp-content\/uploads\/2021\/11\/Sans-titre-5-1-1024x388.png 1024w, https:\/\/beyourlight.fr\/wp-content\/uploads\/2021\/11\/Sans-titre-5-1-300x114.png 300w, https:\/\/beyourlight.fr\/wp-content\/uploads\/2021\/11\/Sans-titre-5-1-768x291.png 768w, https:\/\/beyourlight.fr\/wp-content\/uploads\/2021\/11\/Sans-titre-5-1-1140x432.png 1140w, https:\/\/beyourlight.fr\/wp-content\/uploads\/2021\/11\/Sans-titre-5-1-24x9.png 24w, https:\/\/beyourlight.fr\/wp-content\/uploads\/2021\/11\/Sans-titre-5-1-36x14.png 36w, https:\/\/beyourlight.fr\/wp-content\/uploads\/2021\/11\/Sans-titre-5-1-48x18.png 48w, https:\/\/beyourlight.fr\/wp-content\/uploads\/2021\/11\/Sans-titre-5-1.png 1500w\" sizes=\"(max-width: 1024px) 100vw, 1024px\" \/><\/figure><div class=\"wp-block-columns is-layout-flex wp-container-core-columns-is-layout-2 wp-block-columns-is-layout-flex\"><div class=\"wp-block-column is-layout-flow wp-block-column-is-layout-flow\"><div class=\"wp-block-columns is-layout-flex wp-container-core-columns-is-layout-1 wp-block-columns-is-layout-flex\"><div class=\"wp-block-column is-vertically-aligned-top is-layout-flow wp-block-column-is-layout-flow\"><div class=\"wp-block-group\"><div class=\"wp-block-group__inner-container is-layout-flow wp-block-group-is-layout-flow\"><h4 class=\"has-text-align-center wp-block-heading\">100% cire de soja<\/h4>\n\n<h4 class=\"has-text-align-center wp-block-heading\">Emballages recyclables<\/h4>\n\n<h4 class=\"has-text-align-center wp-block-heading\">D\u00e9corations biod\u00e9gradables<\/h4><\/div><\/div><\/div>\n\n<div class=\"wp-block-column is-vertically-aligned-top is-layout-flow wp-block-column-is-layout-flow\"><div class=\"wp-block-group\"><div class=\"wp-block-group__inner-container is-layout-flow wp-block-group-is-layout-flow\"><h4 class=\"has-text-align-center wp-block-heading\">Composition des bougies<br>respectueuse de votre sant\u00e9<\/h4>\n\n<h4 class=\"has-text-align-center wp-block-heading\">Parfums made in France<\/h4><\/div><\/div><\/div>\n\n<div class=\"wp-block-column is-vertically-aligned-top is-layout-flow wp-block-column-is-layout-flow\"><div class=\"wp-block-group\"><div class=\"wp-block-group__inner-container is-layout-flow wp-block-group-is-layout-flow\"><h4 class=\"has-text-align-center wp-block-heading\">Artisanal<\/h4>\n\n<h4 class=\"has-text-align-center wp-block-heading\">Douceur et Bien \u00eatre<\/h4>\n\n<h4 class=\"has-text-align-center wp-block-heading\">Passionn\u00e9e<\/h4><\/div><\/div><\/div><\/div><\/div><\/div><hr class=\"wp-block-separator has-css-opacity\"\/><figure class=\"wp-block-image size-large\"><img loading=\"lazy\" decoding=\"async\" width=\"1024\" height=\"145\" src=\"https:\/\/beyourlight.fr\/wp-content\/uploads\/2021\/11\/Ban_QuiSuisJe-1024x145.png\" alt=\"\" class=\"wp-image-314\" srcset=\"https:\/\/beyourlight.fr\/wp-content\/uploads\/2021\/11\/Ban_QuiSuisJe-1024x145.png 1024w, https:\/\/beyourlight.fr\/wp-content\/uploads\/2021\/11\/Ban_QuiSuisJe-300x42.png 300w, https:\/\/beyourlight.fr\/wp-content\/uploads\/2021\/11\/Ban_QuiSuisJe-768x109.png 768w, https:\/\/beyourlight.fr\/wp-content\/uploads\/2021\/11\/Ban_QuiSuisJe-1140x161.png 1140w, https:\/\/beyourlight.fr\/wp-content\/uploads\/2021\/11\/Ban_QuiSuisJe.png 1378w\" sizes=\"(max-width: 1024px) 100vw, 1024px\" \/><\/figure><div class=\"wp-block-media-text is-stacked-on-mobile is-vertically-aligned-top\" style=\"grid-template-columns:32% auto\"><figure class=\"wp-block-media-text__media\"><img loading=\"lazy\" decoding=\"async\" width=\"1024\" height=\"1024\" src=\"https:\/\/beyourlight.fr\/wp-content\/uploads\/2021\/11\/Be_You_Light_Logo_GOLD-1-1024x1024.png\" alt=\"\" class=\"wp-image-301 size-full\" srcset=\"https:\/\/beyourlight.fr\/wp-content\/uploads\/2021\/11\/Be_You_Light_Logo_GOLD-1-1024x1024.png 1024w, https:\/\/beyourlight.fr\/wp-content\/uploads\/2021\/11\/Be_You_Light_Logo_GOLD-1-300x300.png 300w, https:\/\/beyourlight.fr\/wp-content\/uploads\/2021\/11\/Be_You_Light_Logo_GOLD-1-100x100.png 100w, https:\/\/beyourlight.fr\/wp-content\/uploads\/2021\/11\/Be_You_Light_Logo_GOLD-1-150x150.png 150w, https:\/\/beyourlight.fr\/wp-content\/uploads\/2021\/11\/Be_You_Light_Logo_GOLD-1-768x768.png 768w, https:\/\/beyourlight.fr\/wp-content\/uploads\/2021\/11\/Be_You_Light_Logo_GOLD-1-1536x1536.png 1536w, https:\/\/beyourlight.fr\/wp-content\/uploads\/2021\/11\/Be_You_Light_Logo_GOLD-1-2048x2048.png 2048w, https:\/\/beyourlight.fr\/wp-content\/uploads\/2021\/11\/Be_You_Light_Logo_GOLD-1-1140x1140.png 1140w, https:\/\/beyourlight.fr\/wp-content\/uploads\/2021\/11\/Be_You_Light_Logo_GOLD-1-75x75.png 75w\" sizes=\"(max-width: 1024px) 100vw, 1024px\" \/><\/figure><div class=\"wp-block-media-text__content\"><div class=\"wp-block-group\"><div class=\"wp-block-group__inner-container is-layout-flow wp-block-group-is-layout-flow\"><p><mark style=\"background-color:rgba(0, 0, 0, 0);color:#574260\" class=\"has-inline-color\"><strong>Moi, c\u2019est Estelle, et j\u2019ai toujours aim\u00e9 imaginer, bidouiller et fabriquer des choses avec mes mains !<\/strong><\/mark><\/p>\n\n<p>Passionn\u00e9e de <strong>Kpop<\/strong>, de <strong>litt\u00e9rature<\/strong> et de culture <strong>geek<\/strong>, j\u2019ai voulu transcrire mon univers \u00e0 travers des <strong>bougies <\/strong>aux senteurs douces et r\u00e9confortantes avec un concept \u00e9l\u00e9gant.<\/p>\n\n<p>Je souhaite \u00e0 travers elles, apporter une atmosph\u00e8re <strong>chaleureuse <\/strong>et un esprit <strong>cocooning<\/strong> \u00e0 votre foyer. La fabrication a lieu depuis chez moi dans un petit village du sud de la France et je prends bien soin d\u2019utiliser un maximum de produits respectueux de votre <strong>sant\u00e9 <\/strong>et de <strong>l\u2019environnement<\/strong>.<\/p><\/div><\/div>\n\n<p><\/p><\/div><\/div><p><\/p>","protected":false},"excerpt":{"rendered":"<p>100% cire de soja Emballages recyclables D\u00e9corations biod\u00e9gradables Composition des bougiesrespectueuse de votre sant\u00e9 Parfums made in France Artisanal Douceur et Bien \u00eatre Passionn\u00e9e<\/p>\n","protected":false},"author":1,"featured_media":0,"parent":0,"menu_order":0,"comment_status":"closed","ping_status":"closed","template":"","meta":{"_uag_custom_page_level_css":"","footnotes":""},"yoast_head":"<!-- This site is optimized with the Yoast SEO plugin v23.9 - https:\/\/yoast.com\/wordpress\/plugins\/seo\/ -->\n<title>&#8902; Be your Light<\/title>\n<meta name=\"robots\" content=\"index, follow, max-snippet:-1, max-image-preview:large, max-video-preview:-1\" \/>\n<link rel=\"canonical\" href=\"https:\/\/beyourlight.fr\/\" \/>\n<meta property=\"og:locale\" content=\"fr_FR\" \/>\n<meta property=\"og:type\" content=\"article\" \/>\n<meta property=\"og:title\" content=\"&#8902; Be your Light\" \/>\n<meta property=\"og:description\" content=\"100% cire de soja Emballages recyclables D\u00e9corations biod\u00e9gradables Composition des bougiesrespectueuse de votre sant\u00e9 Parfums made in France Artisanal Douceur et Bien \u00eatre Passionn\u00e9e\" \/>\n<meta property=\"og:url\" content=\"https:\/\/beyourlight.fr\/\" \/>\n<meta property=\"og:site_name\" content=\"Be your Light\" \/>\n<meta property=\"article:publisher\" content=\"https:\/\/www.facebook.com\/beyourlight.shop\" \/>\n<meta property=\"article:modified_time\" content=\"2022-11-15T10:40:08+00:00\" \/>\n<meta property=\"og:image\" content=\"https:\/\/beyourlight.fr\/wp-content\/uploads\/2021\/11\/Ban_MesValeurs-1024x145.png\" \/>\n<meta name=\"twitter:card\" content=\"summary_large_image\" \/>\n<meta name=\"twitter:label1\" content=\"Dur\u00e9e de lecture estim\u00e9e\" \/>\n\t<meta name=\"twitter:data1\" content=\"2 minutes\" \/>\n<script type=\"application\/ld+json\" class=\"yoast-schema-graph\">{\"@context\":\"https:\/\/schema.org\",\"@graph\":[{\"@type\":\"WebPage\",\"@id\":\"https:\/\/beyourlight.fr\/\",\"url\":\"https:\/\/beyourlight.fr\/\",\"name\":\"&#8902; Be your Light\",\"isPartOf\":{\"@id\":\"https:\/\/beyourlight.fr\/#website\"},\"primaryImageOfPage\":{\"@id\":\"https:\/\/beyourlight.fr\/#primaryimage\"},\"image\":{\"@id\":\"https:\/\/beyourlight.fr\/#primaryimage\"},\"thumbnailUrl\":\"https:\/\/beyourlight.fr\/wp-content\/uploads\/2021\/11\/Ban_MesValeurs-1024x145.png\",\"datePublished\":\"2021-09-13T20:16:01+00:00\",\"dateModified\":\"2022-11-15T10:40:08+00:00\",\"inLanguage\":\"fr-FR\",\"potentialAction\":[{\"@type\":\"ReadAction\",\"target\":[\"https:\/\/beyourlight.fr\/\"]}]},{\"@type\":\"ImageObject\",\"inLanguage\":\"fr-FR\",\"@id\":\"https:\/\/beyourlight.fr\/#primaryimage\",\"url\":\"https:\/\/beyourlight.fr\/wp-content\/uploads\/2021\/11\/Ban_MesValeurs.png\",\"contentUrl\":\"https:\/\/beyourlight.fr\/wp-content\/uploads\/2021\/11\/Ban_MesValeurs.png\",\"width\":1378,\"height\":195},{\"@type\":\"WebSite\",\"@id\":\"https:\/\/beyourlight.fr\/#website\",\"url\":\"https:\/\/beyourlight.fr\/\",\"name\":\"Be your Light\",\"description\":\"\",\"publisher\":{\"@id\":\"https:\/\/beyourlight.fr\/#organization\"},\"potentialAction\":[{\"@type\":\"SearchAction\",\"target\":{\"@type\":\"EntryPoint\",\"urlTemplate\":\"https:\/\/beyourlight.fr\/?s={search_term_string}\"},\"query-input\":{\"@type\":\"PropertyValueSpecification\",\"valueRequired\":true,\"valueName\":\"search_term_string\"}}],\"inLanguage\":\"fr-FR\"},{\"@type\":\"Organization\",\"@id\":\"https:\/\/beyourlight.fr\/#organization\",\"name\":\"Be your light\",\"url\":\"https:\/\/beyourlight.fr\/\",\"logo\":{\"@type\":\"ImageObject\",\"inLanguage\":\"fr-FR\",\"@id\":\"https:\/\/beyourlight.fr\/#\/schema\/logo\/image\/\",\"url\":\"https:\/\/beyourlight.fr\/wp-content\/uploads\/2021\/11\/Capture.jpg\",\"contentUrl\":\"https:\/\/beyourlight.fr\/wp-content\/uploads\/2021\/11\/Capture.jpg\",\"width\":449,\"height\":447,\"caption\":\"Be your light\"},\"image\":{\"@id\":\"https:\/\/beyourlight.fr\/#\/schema\/logo\/image\/\"},\"sameAs\":[\"https:\/\/www.facebook.com\/beyourlight.shop\",\"https:\/\/www.instagram.com\/beyourlight_shop\/\"]}]}<\/script>\n<!-- \/ Yoast SEO plugin. -->","yoast_head_json":{"title":"&#8902; Be your Light","robots":{"index":"index","follow":"follow","max-snippet":"max-snippet:-1","max-image-preview":"max-image-preview:large","max-video-preview":"max-video-preview:-1"},"canonical":"https:\/\/beyourlight.fr\/","og_locale":"fr_FR","og_type":"article","og_title":"&#8902; Be your Light","og_description":"100% cire de soja Emballages recyclables D\u00e9corations biod\u00e9gradables Composition des bougiesrespectueuse de votre sant\u00e9 Parfums made in France Artisanal Douceur et Bien \u00eatre Passionn\u00e9e","og_url":"https:\/\/beyourlight.fr\/","og_site_name":"Be your Light","article_publisher":"https:\/\/www.facebook.com\/beyourlight.shop","article_modified_time":"2022-11-15T10:40:08+00:00","og_image":[{"url":"https:\/\/beyourlight.fr\/wp-content\/uploads\/2021\/11\/Ban_MesValeurs-1024x145.png"}],"twitter_card":"summary_large_image","twitter_misc":{"Dur\u00e9e de lecture estim\u00e9e":"2 minutes"},"schema":{"@context":"https:\/\/schema.org","@graph":[{"@type":"WebPage","@id":"https:\/\/beyourlight.fr\/","url":"https:\/\/beyourlight.fr\/","name":"&#8902; Be your Light","isPartOf":{"@id":"https:\/\/beyourlight.fr\/#website"},"primaryImageOfPage":{"@id":"https:\/\/beyourlight.fr\/#primaryimage"},"image":{"@id":"https:\/\/beyourlight.fr\/#primaryimage"},"thumbnailUrl":"https:\/\/beyourlight.fr\/wp-content\/uploads\/2021\/11\/Ban_MesValeurs-1024x145.png","datePublished":"2021-09-13T20:16:01+00:00","dateModified":"2022-11-15T10:40:08+00:00","inLanguage":"fr-FR","potentialAction":[{"@type":"ReadAction","target":["https:\/\/beyourlight.fr\/"]}]},{"@type":"ImageObject","inLanguage":"fr-FR","@id":"https:\/\/beyourlight.fr\/#primaryimage","url":"https:\/\/beyourlight.fr\/wp-content\/uploads\/2021\/11\/Ban_MesValeurs.png","contentUrl":"https:\/\/beyourlight.fr\/wp-content\/uploads\/2021\/11\/Ban_MesValeurs.png","width":1378,"height":195},{"@type":"WebSite","@id":"https:\/\/beyourlight.fr\/#website","url":"https:\/\/beyourlight.fr\/","name":"Be your Light","description":"","publisher":{"@id":"https:\/\/beyourlight.fr\/#organization"},"potentialAction":[{"@type":"SearchAction","target":{"@type":"EntryPoint","urlTemplate":"https:\/\/beyourlight.fr\/?s={search_term_string}"},"query-input":{"@type":"PropertyValueSpecification","valueRequired":true,"valueName":"search_term_string"}}],"inLanguage":"fr-FR"},{"@type":"Organization","@id":"https:\/\/beyourlight.fr\/#organization","name":"Be your light","url":"https:\/\/beyourlight.fr\/","logo":{"@type":"ImageObject","inLanguage":"fr-FR","@id":"https:\/\/beyourlight.fr\/#\/schema\/logo\/image\/","url":"https:\/\/beyourlight.fr\/wp-content\/uploads\/2021\/11\/Capture.jpg","contentUrl":"https:\/\/beyourlight.fr\/wp-content\/uploads\/2021\/11\/Capture.jpg","width":449,"height":447,"caption":"Be your light"},"image":{"@id":"https:\/\/beyourlight.fr\/#\/schema\/logo\/image\/"},"sameAs":["https:\/\/www.facebook.com\/beyourlight.shop","https:\/\/www.instagram.com\/beyourlight_shop\/"]}]}},"uagb_featured_image_src":{"full":false,"thumbnail":false,"medium":false,"medium_large":false,"large":false,"1536x1536":false,"2048x2048":false,"ashe-slider-full-thumbnail":false,"ashe-full-thumbnail":false,"ashe-list-thumbnail":false,"ashe-grid-thumbnail":false,"ashe-single-navigation":false,"menu-24x24":false,"menu-36x36":false,"menu-48x48":false,"woocommerce_thumbnail":false,"woocommerce_single":false,"woocommerce_gallery_thumbnail":false},"uagb_author_info":{"display_name":"admin4841","author_link":"https:\/\/beyourlight.fr\/index.php\/author\/admin4841\/"},"uagb_comment_info":0,"uagb_excerpt":"100% cire de soja Emballages recyclables D\u00e9corations biod\u00e9gradables Composition des bougiesrespectueuse de votre sant\u00e9 Parfums made in France Artisanal Douceur et Bien \u00eatre Passionn\u00e9e","_links":{"self":[{"href":"https:\/\/beyourlight.fr\/index.php\/wp-json\/wp\/v2\/pages\/67"}],"collection":[{"href":"https:\/\/beyourlight.fr\/index.php\/wp-json\/wp\/v2\/pages"}],"about":[{"href":"https:\/\/beyourlight.fr\/index.php\/wp-json\/wp\/v2\/types\/page"}],"author":[{"embeddable":true,"href":"https:\/\/beyourlight.fr\/index.php\/wp-json\/wp\/v2\/users\/1"}],"replies":[{"embeddable":true,"href":"https:\/\/beyourlight.fr\/index.php\/wp-json\/wp\/v2\/comments?post=67"}],"version-history":[{"count":17,"href":"https:\/\/beyourlight.fr\/index.php\/wp-json\/wp\/v2\/pages\/67\/revisions"}],"predecessor-version":[{"id":955,"href":"https:\/\/beyourlight.fr\/index.php\/wp-json\/wp\/v2\/pages\/67\/revisions\/955"}],"wp:attachment":[{"href":"https:\/\/beyourlight.fr\/index.php\/wp-json\/wp\/v2\/media?parent=67"}],"curies":[{"name":"wp","href":"https:\/\/api.w.org\/{rel}","templated":true}]}}